-6
Suppose 5*s - 739 + 764 = 0. Let v(x) = x - 1. Let b(p) = p**2 + 8*p + 4. Let a(u) = b(u) - 2*v(u). Give a(s).
1
Suppose 30 - 14 = 4*h. Suppose -23 = -3*x - h*c, -4*x + 12 + 12 = 4*c. Let z(l) = 7*l**2 + 2*l - 1. Calculate z(x).
8
Suppose -23*s = -21*s - 4. Suppose 0 = -s*m + 9*o - 5*o + 12, 0 = -5*o - 5. Let q(v) = -m*v**2 + 4 - 7 + 5*v**2. Determine q(4).
13
Let n(p) = 33*p - 7*p - 16*p - 17*p - 10. What is n(-6)?
32
Let x(n) = -n**3 - 5 + 5*n**2 + 1 + n + 15 - 2*n. Let i = 32467 - 32462. What is x(i)?
6
Let r(b) be the first derivative of -5*b**2 - 83 - 12*b - 1/3*b**3. Determine r(-8).
4
Let a(b) be the first derivative of 0*b**2 - 80 + 0*b - 2/3*b**3. Give a(3).
-18
Suppose 4*q - 2*q = 10. Let a(m) = -11*m + 57. Let o(j) = 20*j - 103. Let k(p) = -11*a(p) - 6*o(p). Calculate k(q).
-4
Let k(m) be the first derivative of -m**4/4 + 7*m**3/3 + 9*m**2/2 - 91*m - 213. Give k(6).
-1
Suppose 3*i - 5*t + 8 = 0, -t + 0 = 2. Let r(u) = 2978*u - 95 - 2972*u + u**2 - 99 + 201. What is r(i)?
7
Let s(d) = 6*d + 17. Suppose -5*m + 290*o - 288*o - 13 = 0, -2*o = 2*m + 22. Determine s(m).
-13
Let m(k) = -14*k + 191. Let t be m(13). Let o(a) = -2*a + 0*a + t*a - 1 + 5. Determine o(-3).
-17
Let n(b) = b**2 + b - 4. Let i(l) = 2*l**3 + 2*l**2 + 2*l - 11. Let u(j) = -2*i(j) + 5*n(j). Suppose -22*x = -17*x - 10. Determine u(x).
-24
Let f(v) = -v**3 - 6*v**2 + v + 7. Let q = 4550 - 4557. What is f(q)?
49
Let q(c) = 5*c + 549*c**3 - 8*c**2 - 6 - 548*c**3 + 7 + 1 + 7. Give q(6).
-33
Let t = -3034 + 3054. Let u(a) = -a**2 + 23*a - 27. Give u(t).
33
Let b = 5981 - 5976. Let q(t) be the third derivative of 1/6*t**3 + 0*t - 1/4*t**4 - 7*t**2 + 1/60*t**b + 0. Give q(5).
-4
Let k(r) be the third derivative of r**6/120 + 7*r**5/30 + 5*r**4/24 + 19*r**3/6 - 410*r**2 - 5*r + 2. Determine k(-14).
-51
Let u(t) = 15 - 2*t**3 + 0*t**3 - t + 65*t**2 + 3*t**3 + 108*t**2 - 193*t**2. Give u(20).
-5
Suppose -130*z - 140 = -41*z + 38. Let k(u) = -u**3 - u**2 + 9*u + 18. Determine k(z).
4
Let f(w) be the second derivative of -w**4/3 - 7*w**2/2 - 30*w + 65. Calculate f(4).
-71
Let p(a) = -28*a - 40. Let v = -3996 + 3994. Give p(v).
16
Let r(s) = -19*s**3 - s**2 + 3*s - 2. Let c = 10452 + -10451. Calculate r(c).
-19
Let l be (-187)/(-85) + 31/(-5). Let t(o) = -3*o**2 - 10*o. Calculate t(l).
-8
Let g = -179 - -180. Let u(j) = 72*j**3 + 5*j**2 + 6 - j - 71*j**3 - g. Give u(-5).
10
Let g(b) be the second derivative of -1/6*b**4 - b**2 + 19 + 2*b - b**3. What is g(-4)?
-10
Let w(c) = -209*c**2 - 10*c - 15. Let r(j) = 93*j**2 + 4*j + 8. Let m(k) = 9*r(k) + 4*w(k). Calculate m(2).
8
Let u(y) = y**3 - 6*y**2 - y + 7. Suppose -n + m - 2 = 0, -m + 14 = 3*n + m. Suppose -n*q - 17 + 49 = -4*d, 2*q - 3*d = 27. Determine u(q).
1
Let g(y) = 666 - 661 - 4*y**2 + 5*y**2 - y**3. Suppose -4*v - 4*t + 0 = 8, 4*v - 2*t - 16 = 0. Suppose j + v*j = 0. Calculate g(j).
5
Let m(z) = -z - 17. Suppose 6*d = 21 - 117. Give m(d).
-1
Let z(a) = a**2 - 17*a + 12. Let y = 5348 - 5331. Give z(y).
12
Let a(s) = s + 14. Let h(y) = -5*y**3 - 3*y**2 - 57*y + 58. Let c be h(1). Calculate a(c).
7
Let n(m) = -1830 - m + 1838 + 0*m. Suppose 12 = -2*j - j. Let w = j + 9. Determine n(w).
3
Let w(t) = -2*t**3 - 13*t**2 - 5*t + 13. Suppose -13*p = -20*p - 16*p - 138. Calculate w(p).
7
Let s(i) = 2*i - 1. Let p = 49 + -40. Let k = 23 - p. Let r be (38/(-42) + (-6)/k)*3. Determine s(r).
-9
Let v(n) = -46*n**2 + 4*n + 13. Let z(a) = 23*a**2 - 2*a - 6. Let s(y) = 6*v(y) + 13*z(y). Let o(x) = -x**2 + 1. Let w(q) = -o(q) - s(q). Give w(1).
-21
Suppose -1 = 5*f - 1. Suppose 3*o - 2*j + 56 = o, f = o + 5*j + 34. Let i = -38 - o. Let c(n) = -n - 10. What is c(i)?
-1
Let w be (-3)/6 + 7/2. Let p(v) = -13*v + 197 - 306 + 3*v + 111. Determine p(w).
-28
Let r(p) = -2*p**3 + p**2 + 12*p + 3. Let q be r(3). Let g(y) = -6*y - 24. Calculate g(q).
12
Suppose -70*m - 3 = -71*m. Suppose 5*o + 11 = 5*j + 7*o, 0 = j + m*o + 3. Let k(p) = 15*p - 1. Let l(v) = -7*v + 1. Let u(i) = -3*k(i) - 7*l(i). Determine u(j).
8
Let k(n) = -20*n + 44. Let i be ((-665)/(-42) - 10) + -2 + 78/36. Give k(i).
-76
Let r(b) = 22*b**2 + 21*b - 23*b**2 - 8597 + 8625. Calculate r(21).
28
Let p = 115 + -109. Let x(g) = g**2 - 30*g + 6. Let t(j) = -j**2 + 40*j - 7. Let w(m) = 2*t(m) + 3*x(m). What is w(p)?
-20
Let v(l) = 9*l - 4 + 6*l - 13*l - 7. Let f = 1818 + -1811. Give v(f).
3
Let t(b) be the third derivative of b**6/360 + b**5/24 - b**4/2 - 16*b**3 + 140*b**2. Let i(c) be the first derivative of t(c). What is i(-10)?
38
Let s = 156 + -159. Let i(p) be the third derivative of -1/24*p**4 - 1/20*p**5 - 1/3*p**3 + 0*p + 4*p**2 - 1/120*p**6 + 0. Calculate i(s).
1
Suppose 2*w - 21 = -3*h, -20 = -h - 3*h. Suppose -13 + 31 = -w*b. Let t be (9 - 11)*(-4)/((-16)/b). Let p(y) = -2*y + 4. Determine p(t).
-2
Let m(f) = f**3 - 5*f**2 + 6*f - 2. Let y(c) = -c**2 + 12*c - 17. Let n be y(2). Let k(x) = x**2 - 39*x + 112. Let j be k(n). Give m(j).
6
Let x(s) = 19*s**3 - 2*s**2 + 14*s - 5. Let t = 64 - 57. Let y(w) = 9*w**3 - w**2 + 6*w - 2. Let q(h) = t*y(h) - 3*x(h). What is q(1)?
6
Let c(u) = u - 11. Suppose 0 = 5*b - 1 - 29. Let m be (b + 13)*2/(-2). Let y = -19 - m. Determine c(y).
-11
Let c(h) be the second derivative of -13*h - h**2 + 0*h**4 - 1/20*h**5 + 0 + 1/6*h**3. Suppose -4*z = 2*x + 12, 9 = -3*z + 2*x + 7. Determine c(z).
4
Let x(s) = -3*s**2 - 3*s - 5. Let a(o) = 2*o**2 + 2*o + 38 - 35 - o. Let p(w) = -5*a(w) - 3*x(w). What is p(2)?
4
Let j(l) = -75 + 171 - 2*l - 84. Determine j(-3).
18
Let m(v) = 21*v**2 - 22*v**2 - 197255*v + 1 + 197252*v. Let a(b) = b**2 + 2*b - 1. Suppose -2 = -2*i + 6. Let f(r) = i*a(r) + 5*m(r). What is f(-7)?
1
Let b be 292/(-48) + 14/168. Let c(d) = -52*d - 314. What is c(b)?
-2
Let y(p) = -21*p - 132. Let s(t) = 4*t**2 + 56*t + 174. Let j be s(-9). Determine y(j).
-6
Let x(w) = w**2 + w + 2. Suppose g = 14 + 1. Suppose -5*p = -2*q + g, -p + 2*q = 3*p + 12. Let s be (-2 + 1 - p) + (10 - 14). Give x(s).
4
Let b(k) = 11*k**2 + 2*k + 2. Let m be b(-2). Let z be (-36)/8*(2 - m/9). Let n(s) = -s**3 + 12*s**2 + 2*s - 9. Give n(z).
15
Let y(l) = -283*l**2 + 155 + 7*l - 161 + 284*l**2. What is y(-7)?
-6
Let m(q) = 0*q**2 - 29 + 36 - 5*q**2 - 18*q - q**2 + 7*q**2. Determine m(19).
26
Let c(s) = s**2 - 36*s - 31. Suppose 3737 = -5*q + 106*q. Give c(q).
6
Let f(j) = j**3 + j**2 + j + 5. Let b be 10/(-6) + (-2)/(-6) + (-10)/15. Give f(b).
-1
Let v(i) = -i**2 + 6*i - 6. Let q be v(6). Let k(p) be the third derivative of -p**6/120 - p**5/15 + p**4/3 - 4219*p**2 + p. Determine k(q).
24
Let d(f) = -36*f + 259. Let h be d(7). Let s(x) be the third derivative of -1/4*x**4 + 1/120*x**6 + 0*x - 1/10*x**5 - 4/3*x**3 + 0 + 4*x**2. Calculate s(h).
-1
Let b(v) = -v**2 - v + 7. Let c(k) = k**3 - 9*k**2 + 3*k - 22. Let s be c(9). Let x(m) = -m**2 + 2*m + 9. Let o be x(s). What is b(o)?
-23
Let z be ((-2)/(-6) - (-296)/(-222))*-4. Let r(f) be the third derivative of 1/24*f**z + 0*f - 11*f**2 + 0 + 1/2*f**3. What is r(-4)?
-1
Let i(y) = 3*y + 12. Let n be ((-24)/21*-1)/(8/28). Let v(r) = 2*r + 9. Let k(t) = n*v(t) - 3*i(t). Calculate k(-9).
9
Let w(h) be the third derivative of -h**6/120 - h**4/12 - h**3/3 - 6085*h**2. What is w(-3)?
31
Suppose -17*s - 9 = -18*s. Let y(z) = -8*z + 5*z + z - 2 + s + 3*z. Give y(-9).
-2
Let o(b) = -5*b. Let i be 9*(-5)/(-15) - -14. Let y(v) = -2*v**2 + 30*v + 14. Let x be y(i). Let u = -52 - x. What is o(u)?
-10
Let b be 5 + (0 + 0)/(-2). Let x(j) = 1792150*j - 81*j**2 + 5 + 80*j**2 - 1792148*j. Determine x(b).
-10
Let s(h) be the second derivative of h**5/10 - h**4 + 17*h. Calculate s(6).
0
Suppose 2012*i = 2010*i. Let w(x) = 2*x**2 - x - 73. Give w(i).
-73
Let f(t) = -2*t + 27. Let g = -27816 + 27837. Determine f(g).
-15
Let m(f) = 264*f - 224. Let k(b) = -14*b + 12. Let l(x) = 56*k(x) + 3*m(x). What is l(-16)?
-128
Let i(o) = -33*o - 27. Let r be (-2)/3*((-30)/4)/(-5). Determine i(r).
6
Let k be 40/(-6) + (-2)/6. Let t(p) = -p**3 + p**2 + 23. Let i(c) = -4*c**3 + 13*c**2 + 7*c + 107. Let s(f) = i(f) - 5*t(f). Give s(k).
-8
Let h(q) be the third derivative of q**4/24 + 3*q**3/2 - 3578*q**2. Calculate h(-4).
5
Suppose -p + 0*i = -i - 1, -p + 5*i = 3. Let j = -41 - -49. Let a(v) = -j + 2*v - v**2 + 9 - 3. Give a(p).
-2
Let q(g) = 1501*g + 14